b460 (base 12) in base 7?
5661213
10001101111101111010101 (base 2) to base 7
54353436
Convert -51563 (base 7) to base 10.
-12638
62635551 (base 7) to base 6
305150553
Convert -301a0 (base 15) to base 13.
-543b7
Convert -2728593 (base 10) to base 6.
-134252213
What is 211502 (base 8) in base 6?
1302122
Convert 160642 (base 10) to base 13.
58171
What is 71669 (base 16) in base 13?
13355c
-3331222202 (base 4) to base 5
-231222020
-471551 (base 9) to base 16
-452a7
-1c6ca (base 15) to base 10
-92665
What is -11011010100001001 (base 2) in base 10?
-111881
What is -160262 (base 8) in base 4?
-32002302
Convert -798a73 (base 11) to base 8.
-4662430
Convert 544123 (base 10) to base 2.
10000100110101111011
What is 1331444 (base 9) in base 7?
6125266
What is -223314 (base 7) in base 14?
-1060b
134a16 (base 12) to base 7
2500140
110101212122 (base 3) to base 2
111011100110011100
-548296 (base 10) to base 16
-85dc8
2070237 (base 10) to base 14
3bc661
What is 365942 (base 13) in base 16?
13cd8d
5300641 (base 7) to base 6
21410141
2113204 (base 5) to base 13
13184
Convert 1112120220102 (base 3) to base 10.
818597
Convert 105b0b (base 13) to base 8.
1356224
Convert 8613 (base 16) to base 13.
12813
What is 6623459 (base 10) in base 2?
11001010001000011100011
What is 235483 (base 11) in base 3?
200222000021
cc791 (base 14) to base 12
1ba84b
-247121 (base 9) to base 3
-21121010201
Convert 259394 (base 10) to base 4.
333111002
-11001111000000001010 (base 2) to base 11
-52a032
What is -25184 (base 13) in base 16?
-10b20
Convert -2b5587 (base 12) to base 2.
-10110011011111110111
Convert f36381 (base 16) to base 15.
1601216
What is -221122011221021 (base 3) in base 16?
-cfe3aa
Convert 31cb11 (base 15) to base 2.
1001000011000010011101
What is -43210123 (base 5) in base 15?
-737e3
What is 31071201 (base 8) in base 14?
c35041
-2522649 (base 11) to base 5
-2110143400
What is 13531477 (base 9) in base 11?
3861898
Convert -5853443 (base 10) to base 5.
-2444302233
Convert 1cacd (base 14) to base 12.
36639
100100222220 (base 3) to base 4
231001302
Convert 372a39 (base 12) to base 11.
562691
2212112022221 (base 3) to base 16
174916
-111011100111100011100 (base 2) to base 16
-1dcf1c
What is 4093879 (base 10) in base 16?
3e77b7
Convert -123222231 (base 5) to base 14.
-119330
What is 3563532 (base 7) in base 13?
12b07c
-47041 (base 14) to base 6
-3412333
Convert 20020201100 (base 3) to base 16.
1e072
What is 1100021212100 (base 3) in base 2?
10101110011001010001
Convert -101011100101010001 (base 2) to base 7.
-1342306
What is 1766a (base 14) in base 7?
333463
What is 6140435 (base 7) in base 9?
1335748
Convert 110112002221 (base 3) to base 10.
246481
Convert -11000001000011011011011 (base 2) to base 9.
-12811545
What is 1853c (base 16) in base 9?
161615
Convert 10275501 (base 8) to base 4.
20113231001
Convert -24410 (base 5) to base 6.
-12331
3202343 (base 5) to base 3
2201100111
-2211221220 (base 3) to base 5
-3243403
Convert 20200201112 (base 3) to base 12.
642ab
What is 10012010120010 (base 3) in base 16?
19de65
What is 1350042 (base 6) in base 8?
225312
What is -111100010010110000 (base 2) in base 7?
-2046000
-1230251 (base 8) to base 10
-340137
Convert 1c17d8 (base 15) to base 8.
5167574
Convert 184a85 (base 11) to base 6.
10034314
Convert 4003405 (base 8) to base 16.
100705
Convert 1032230210 (base 4) to base 12.
136658
-7e978f (base 16) to base 8
-37513617
What is 27d23f (base 16) in base 12?
a5a313
Convert -12202665 (base 8) to base 4.
-22100112311
-465839 (base 15) to base 6
-200003243
Convert -951200 (base 12) to base 7.
-25635162
1008164 (base 9) to base 15
a9377
Convert 32143322 (base 7) to base 15.
38ee05
What is -ee293 (base 16) in base 13?
-282030
-12544655 (base 7) to base 15
-17beab
What is -ac19a4 (base 14) in base 12?
-1b59a64
14d9c9 (base 14) to base 4
2302000031
7dadd0 (base 15) to base 13
1325aa5
-550253345 (base 6) to base 16
-95d9a1
-10100001101100011001111 (base 2) to base 11
-2a99832
26577220 (base 8) to base 9
12188228
100220102221111 (base 3) to base 16
5052c4
Convert 61c42 (base 14) to base 15.
49c50
Convert 23212122 (base 5) to base 11.
133aa0
-6495 (base 16) to base 13
-b949
What is 1112323222 (base 4) in base 10?
356074
What is 55873 (base 11) in base 16?
13c0c
361522 (base 9) to base 12
a5b6b
What is 513227 (base 13) in base 12?
772a98
Convert 5337184 (base 9) to base 6.
141141251
Convert -536047 (base 9) to base 4.
-1031331301
What is 297813 (base 15) in base 4?
13220033022
What is 153758 (base 13) in base 14?
d82db
Convert -1677745 (base 10) to base 11.
-a46573
Convert -42230321 (base 5) to base 2.
-1010101111011011001
-7e73bb (base 16) to base 4
-133213032323
What is 189966 (base 13) in base 3?
1011120001220
Convert 201222121 (base 3) to base 8.
34351
-982413 (base 12) to base 4
-21030033033
What is 10100011010101100 (base 2) in base 12?
40490
What is 3a4a34 (base 11) in base 12?
268172
Convert 214250 (base 6) to base 5.
1032224
What is -12121342 (base 7) in base 14?
-201d22
What is -1884023 (base 12) in base 2?
-10011101001001100011011
Convert 12220102011 (base 3) to base 4.
130113310
Convert -ae38 (base 15) to base 12.
-19475
What is -14400543 (base 6) in base 2?
-1111001100011001111
23413234 (base 5) to base 13
7782a
c59e1 (base 15) to base 9
1154484
1301221020 (base 5) to base 9
5827536
What is -1396337 (base 11) in base 10?
-2394872
Convert -2cf27e (base 16) to base 8.
-13171176
Convert -323314002 (base 5) to base 16.
-15241e
Convert -23499 (base 13) to base 3.
-10021111110
3011131203 (base 4) to base 9
1462420
What is -1bc780c (base 13) in base 9?
-18388663
What is 420033 (base 6) in base 10?
33717
What is -cddd77 (base 15) in base 7?
-146306362
What is 2b2dd4 (base 14) in base 2?
101101111110010001110
Convert b04a (base 13) to base 9.
36211
What is 2c3e3f (base 16) in base 11?
17004a7
What is -1b430a (base 13) in base 10?
-694769
-9333ba (base 13) to base 11
-1a36498
Convert 209143 (base 11) to base 4.
1101212221
Convert 12450552 (base 6) to base 3.
202212211212
What is 1010110110111011000000 (base 2) in base 14?
541464
21320231110 (base 4) to base 5
1130412242
Convert -10302340 (base 5) to base 6.
-1514405
Convert 424342 (base 7) to base 8.
217553
Convert -2140331 (base 5) to base 2.
-1001000001100110
What is 12134413 (base 5) in base 15?
24108
What is -23103100302 (base 4) in base 15?
-3d7b8c
What is 22211455 (base 7) in base 16?
1d4802
What is 192221 (base 11) in base 5?
33430442
What is -11101111110001100 (base 2) in base 9?
-206354
Convert 111111101110110111100 (base 2) to base 3.
10221002201102
-1122212102222 (base 3) to base 6
-30532342
323747 (base 12) to base 5
200403330
-6336b (base 12) to base 11
-89837
140c3b3 (base 13) to base 7
104611021
-540e0 (base 15) to base 3
-111120000210
-30200030101 (base 4) to base 3
-20011112000001
What is -1211212112 (base 3) in base 6?
-440152
What is -111001101101000111 (base 2) in base 4?
-321231013
Convert 29cb83 (base 15) to base 5.
1004024343
What is 32242565 (base 7) in base 5?
1201000443
What is -13417503 (base 8) in base 13?
-81aa73
What is -2a835 (base 16) in base 5?
-21033013
Convert -11e9b (base 15) to base 5.
-3313141
What is 12010122112002 (base 3) in base 13?
747212
Convert -6861667 (base 9) to base 3.
-20222001202021
What is b997 (base 15) in base 13?
14b66
What is 622461 (base 7) in base 14?
2aba1
Convert 436105a (base 11) to base 13.
1781c51
3658aa (base 11) to base 6
20223210
What is -14552404 (base 8) in base 15?
-45c0dc
75d33 (base 15) to base 6
12004303
What is 52360400 (base 8) in base 12?
388a994
What is 3a53774 (base 11) in base 16?
6adcb7
Convert 19d16 (base 16) to base 10.
105750
Convert -22055105 (base 7) to base 9.
-3510032
What is 401245020 (base 6) in base 8?
31707604
Convert 34323230 (base 8) to base 13.
170a239
What is 46396 (base 13) in base 14?
3494c
Convert -9836d (base 15) to base 2.
-1110110000001001011
-170206e (base 15) to base 5
-13234304404
Convert -101960 (base 10) to base 2.
-11000111001001000
What is 310707 (base 11) in base 7?
4144533
Convert 1001010110010010000 (base 2) to base 3.
120120012012
Convert -6bbfa (base 16) to base 7.
-3515462
-3dadcb (base 15) to base 7
-34161656
Convert -8662 (base 10) to base 14.
-322a
What is -223325 (base 8) i